 - 4*m - 20. Suppose 3 = 3*b, m*y - 43 = y - b. What are the prime factors of y?
2, 7
Suppose 4*u + 5 = -3. Let h be ((-1)/u)/(11/396). Suppose -3*g = -g - h. List the prime factors of g.
3
Suppose -92*h + 81*h = -13981. List the prime factors of h.
31, 41
Suppose 0 = 4*d + 2*u + 20, -d + 2*u - 15 = -0*u. Let a(t) be the first derivative of -t**2 + 4*t - 1. List the prime factors of a(d).
2, 3
Let w(a) = -19*a + a**3 - 21 + 2*a**2 + 3 + 12*a**2. What are the prime factors of w(-15)?
2, 3, 7
Let r be 4*(24/3)/4. Let v(c) = -c**3 + 8*c**2 + 2*c + 6. Let d be v(r). Suppose -2*q = 0, -3*m + q = -154 + d. List the prime factors of m.
2, 11
Let k(b) = 3*b**2 + 9*b + 55. What are the prime factors of k(11)?
11, 47
Let f(o) = o**2 + 2*o + 2. Let r be f(-7). Let x = r + -25. List the prime factors of x.
2, 3
Suppose -80*y + 4648 = -73*y. List the prime factors of y.
2, 83
Suppose 0 = 3*u - v - 20, 5*u = -2*v + 6*v + 45. Suppose -u*a = -81 + 6. Suppose 3*j - a = 0, 0*j + 72 = 2*x - 2*j. List the prime factors of x.
41
Let r = 60 + -61. What are the prime factors of (3/(-12))/(r/292)?
73
Let q be (-357)/(-168) + 2/(-16). List the prime factors of (1875/30)/(1/q).
5
Let u(n) = 47*n**2 - 169*n + 55. What are the prime factors of u(11)?
11, 353
Let p(c) = -c**2 + c - 2. Let o be p(-5). Let i = 77 + o. What are the prime factors of 4/18 - (-1250)/i?
2, 7
Let v(a) = 7*a. Let k be v(2). Suppose 63 = 8*r - 57. Let x = k + r. List the prime factors of x.
29
Suppose -18*a + 10*a - 6576 = 0. List the prime factors of (-3)/2 + a/(-4).
2, 3, 17
Suppose 4*f + 4*p - 2 = -22, -4*f - 2 = -5*p. Let d be (f - -4 - 3) + 2. Suppose d = 3*a - 0*a - 9. List the prime factors of a.
3
Suppose 5*h - 4*k - 4167 = 0, -7*k + 4*k = 2*h - 1676. List the prime factors of h.
5, 167
Let f(u) = -u**2 - 22*u - 13. Let g be f(-21). Suppose -87 = 5*n - g*n. What are the prime factors of n?
29
Let b(p) = p**2 - 6*p + 2. Let u be b(6). Suppose 4*a + u = -2*i + 50, 3*a = 2*i + 22. List the prime factors of (3/2)/(1/a).
3, 5
Suppose 4*r + 2*h - 9 = 3*r, -5*r + 67 = -h. Let m = -17 + r. List the prime factors of 104/4 + 3 + m.
5
Let v(i) = -i**3 - 2*i**2 - 5*i + 4795. What are the prime factors of v(0)?
5, 7, 137
Let w = 138 + -95. Let i = w - -5. List the prime factors of i.
2, 3
Suppose -8314 = -3*t - 5*v, -43*t + 48*t = -5*v + 13870. List the prime factors of t.
2, 3, 463
Let v(z) = -z**3 - 10*z**2 + 10*z + 13. Let j(s) = -s - 2. Let c be j(-7). Suppose -c*y = -2*h - 27, 7*h + 50 = 2*h - 5*y. List the prime factors of v(h).
2, 3
Let r = -5 - -8. Let t be (-834)/(-9) + (-2)/r. Suppose 0 = 3*u - 0*u - 2*w - 71, -4*w = -4*u + t. List the prime factors of u.
5
Let s = -19 + 21. Suppose 2*y + f - 33 = 0, 0 = -3*y - y + s*f + 70. List the prime factors of y.
17
Let d be (-28)/(-70) + 4/(-10). Suppose d = 6*o - 38 - 4. What are the prime factors of o?
7
Let u(m) = 13*m - 21. Let h be u(2). Suppose h*b - 376 = -3*r, b + 0*b + r = 74. List the prime factors of b.
7, 11
Suppose -48*k - 27*k = -33750. What are the prime factors of k?
2, 3, 5
Suppose 5*g + d = -73 + 332, 0 = -g + 3*d + 39. Suppose -g - 182 = -5*b - s, 169 = 4*b - 5*s. What are the prime factors of b?
2, 23
Suppose 1569 = -5*i + 6974. What are the prime factors of i?
23, 47
Let y = 0 - -644. List the prime factors of y.
2, 7, 23
List the prime factors of ((-6)/9 - 0)/(266/(-999495)).
3, 5, 167
Let b = 4083 - 1953. List the prime factors of b.
2, 3, 5, 71
Let x = 585 - 288. Let p = 563 - x. What are the prime factors of p?
2, 7, 19
Let p = 40 - 34. Suppose 14*w - p*w - 1040 = 0. List the prime factors of w.
2, 5, 13
Let j(t) = 56*t**2 + 2*t - 2. Let v = 9 + 18. Suppose v*b - 4 = 23*b. List the prime factors of j(b).
2, 7
Suppose -3*q + 6 = g, 0 = 2*q - 0*g - 3*g - 4. Suppose -q*i - 2*i = 8. List the prime factors of 485/20 - i/(-8).
2, 3
Let t = -5 - -30. List the prime factors of 2130/t - (-1)/(-5).
5, 17
Let m = 994 - 574. List the prime factors of m.
2, 3, 5, 7
Let a be (2/(-7))/((-1)/7). Let w be ((-3)/2)/((-1)/a). List the prime factors of 335/10 + w/(-2).
2
Let r = 32 - 34. What are the prime factors of 4/r*(-24)/(-16) - -160?
157
Suppose 4*t + 4*b - 39 = -b, t - 2*b = 0. Let h be (-4)/8 + 249/t. Let z = h - 23. List the prime factors of z.
2, 3
Suppose 30*p - 11109 - 24351 = 0. What are the prime factors of p?
2, 3, 197
Let q = 1334 - -1468. List the prime factors of q.
2, 3, 467
Let t(d) = d**2 - 2*d - 23. Let y(h) = h**3 + h**2 - 2*h. Let b be y(2). What are the prime factors of t(b)?
5
Let a = 6256 - 2699. What are the prime factors of a?
3557
Let y be -106*((-7)/14)/(1/2). Let s = y - 76. What are the prime factors of s?
2, 3, 5
Suppose -2*s - 775 = -o, -2*s = 4*o + 2*s - 3076. List the prime factors of o.
3, 257
Let p(c) = c - 6 - 2 - 2 + 2. Let s be p(13). Suppose s*v + 186 = 8*v. What are the prime factors of v?
2, 31
Let b be 66/(-42)*-3 - 4/(-14). Suppose 0 = b*j - 6*j + 124. List the prime factors of j.
2, 31
Let s(m) = -m + 14. Let h be s(12). Suppose -300 = -h*z - 3*z. List the prime factors of z.
2, 3, 5
Let k(d) = d**3 + 5*d**2 - d - 6. Let f be k(-5). Let s(g) = -61*g**3 - g - 2. List the prime factors of s(f).
2, 3, 5
Suppose -25*v = -6*v - 10450. List the prime factors of v.
2, 5, 11
Suppose -r - 3*f - 5 = 0, -r + 3*f = f - 15. Suppose r*i = -622 + 2239. What are the prime factors of i?
3, 7, 11
Let a be (-16)/(-4) + -2 + 3. Suppose -5*n = -g + 76 + 320, 5*g + 390 = -a*n. Let b = n + 116. What are the prime factors of b?
37
Let y(o) = -o**2 - 69*o + 451. List the prime factors of y(-54).
13, 97
List the prime factors of 3105/8 - 24/192.
2, 97
Let i = -188 + 3595. List the prime factors of i.
3407
Let q(t) = -7*t - 21. Suppose 4*m - 3*u = 76, -2*m - 2*m = 3*u - 76. Suppose p + m = 9. List the prime factors of q(p).
7
Let h(w) = -3*w**2 - 18*w - 14. Let v(z) = -z**2 - z - 1. Suppose 3*s = 8*s + 5. Let j(i) = s*h(i) + 4*v(i). What are the prime factors of j(13)?
23
List the prime factors of ((-36)/5)/((-34)/5865).
2, 3, 23
Suppose 0 = l + l + 6. Let s(v) = -4*v**3 - 3*v**2 + 4*v + 2. Let a be s(l). Suppose 3*f - a = 4*w - 7, 3*f + 4*w - 80 = 0. List the prime factors of f.
2, 3
Let a(v) = v**2 + 2*v - 14. What are the prime factors of a(8)?
2, 3, 11
Let m = -67 - -1102. What are the prime factors of m?
3, 5, 23
Let u(b) be the second derivative of -35*b**3/6 - b**2/2 - 5*b. List the prime factors of u(-1).
2, 17
Let i = 180 - 54. Suppose 0*b + 3*n + i = b, 378 = 3*b - 4*n. What are the prime factors of b?
2, 3, 7
What are the prime factors of 33895/10 - (-2 - 28/(-8))?
2, 7, 11
Let m(l) = l**3 + 23*l**2 + 39*l + 10. List the prime factors of m(-17).
23, 47
Let m = -191 - -321. What are the prime factors of m?
2, 5, 13
Suppose 4*n - 10*n + 5376 = 0. List the prime factors of n.
2, 7
Let u be -4 + 2 + 0/2. What are the prime factors of u + (5/5 - -50)?
7
Let o = 2379 + -1285. List the prime factors of o.
2, 547
Suppose 21*m - 46558 = 82592. What are the prime factors of m?
2, 3, 5, 41
Suppose -4*q - 6 = 2*g, -3*q - 9 = -g - 2*q. Suppose -2*r = r. Suppose 3*k + 63 = 2*n, -g*n + 0*k - k + 149 = r. List the prime factors of n.
2, 3, 5
Let a(k) = -k**3 + 10*k**2 - 11*k + 26. Suppose -2*u + 29 = 13. What are the prime factors of a(u)?
2, 3, 11
Let k(r) = -r**2 - 12*r + 17. Let j be k(-13). Suppose j*x + 5*c - 27 = 0, 3*c = -6*x + 2*x + 29. What are the prime factors of x?
2
Let n = -963 - -963. Suppose 2*z - 80 = 4*c, -61 = -5*z + 3*c + 125. Suppose n = 7*q - z + 1. List the prime factors of q.
5
Suppose -8 = -6*z + 4*z. Let f be (-6)/(-4) - (-6)/z. Suppose -g = 0, 0*v + f*v = -2*g + 51. What are the prime factors of v?
17
Suppose 2*k - 10 = 0, 3*c - 2*c = -3*k + 18. Suppose -c*q = -6*q + 27. What are the prime factors of q?
3
Let d = -4060 + 6793. List the prime factors of d.
3, 911
Let b = 982 + -974. List the prime factors of b.
2
Let q(s) = s. Let m(c) = -8*c + 21. Let n(a) = -m(a) - 6*q(a). List the prime factors of n(26).
31
Let u = 540 + -224. List the prime factors of u.
2, 79
Let j(g) = -41*g - 54. What are the prime factors of j(-14)?
2, 5, 13
Suppose -5*i = -2*o - 18, -3*i - 2*i + o = -19. Let m(d) = -d - i*d**2 + d - 6 - 4*d + 2*d**3. List the prime factors of m(4).
2, 3, 7
Suppose -7 = 4*w - 139. Let d = -18